{"id":265,"date":"2014-04-18T12:17:25","date_gmt":"2014-04-18T12:17:25","guid":{"rendered":"http:\/\/www.hanectica.net\/kasvit\/?page_id=265"},"modified":"2022-10-25T14:55:29","modified_gmt":"2022-10-25T11:55:29","slug":"en-espanol","status":"publish","type":"page","link":"https:\/\/www.hanectica.net\/kasvit\/en-espanol\/","title":{"rendered":"En espa\u00f1ol"},"content":{"rendered":"<p><strong>TEXTOS CORTOS Y OTRAS COSAS EN ESPA\u00d1OL<\/strong><\/p>\r\n<p><a href=\"https:\/\/www.hanectica.net\/kasvit\/en-espanol\/las-zapatillas-rojas\/\">Las zapatillas rojas<\/a> (mi versi\u00f3n del cuento de H.C. Andersen)<\/p>\r\n<p><a href=\"https:\/\/www.hanectica.net\/kasvit\/en-espanol\/el-parque-de-los-sobrevivientes\/\">El parque de los sobrevivientes<\/a> &#8211; un cuento especulativo&#8230; o quiz\u00e1 no \ud83d\ude09 (depende de ti, querido lector)<\/p>\r\n<p><a href=\"https:\/\/www.hanectica.net\/kasvit\/en-espanol\/las-noches-de-terciopelo\/\">Las noches de terciopelo<\/a> &#8211; un cuento chejoviano<\/p>\r\n<p><a href=\"https:\/\/www.hanectica.net\/kasvit\/en-espanol\/fanfiction-la-carta-de-ernesto\/\">La carta de Ernesto<\/a> \u2013 un texto de fan fiction inspirado en el libro El laberinto de los esp\u00edritus de Carlos Ruiz Zaf\u00f3n<\/p>\r\n<p><a href=\"https:\/\/www.hanectica.net\/kasvit\/en-espanol\/sobrevivir-al-invierno-y-ser-feliz\/\" target=\"_blank\" rel=\"noopener noreferrer\">Sobrevivir al invierno y ser feliz<\/a> \u2013 \u00bfqu\u00e9 significa la palabra &#8221;kalsarik\u00e4nni&#8221;?<\/p>\r\n<p><a href=\"https:\/\/www.hanectica.net\/kasvit\/en-espanol\/la-vida-te-da-sorpresas\/\">La vida te da sorpresas<\/a>: con este cuento gan\u00e9 el premio en el Concurso de Redacci\u00f3n de\u00a0Asociaci\u00f3n de Profesores de Espa\u00f1ol de Finlandia\u00a0en el a\u00f1o 2018.<\/p>\r\n<p><a href=\"https:\/\/www.hanectica.net\/kasvit\/en-espanol\/mi-ciudad\/\">Mi ciudad \u2013 una poema<\/a><\/p>\r\n<p><a href=\"https:\/\/www.hanectica.net\/kasvit\/en-espanol\/una-escena-de-ficcion\/\">Una escena de ficci\u00f3n<\/a> (&#8221;cuento oscuro&#8221;, para practicar espa\u00f1ol)<\/p>\r\n<p>C\u00f3mics chistosos en espa\u00f1ol \u2013 jugando con palabras y significados. \ud83d\ude00<br \/><a title=\"Palabras como gemelas\" href=\"https:\/\/www.hanectica.net\/kasvit\/en-espanol\/palabras-como-gemelas\/\">Palabras como gemelas<\/a> (solo una palabra en este momento)<br \/><a title=\"Ola \u2013 Hola\" href=\"https:\/\/www.hanectica.net\/kasvit\/en-espanol\/ola-hola\/\">Ola &#8211; Hola <\/a><\/p>\r\n<p>El juego usando la t\u00e9cnica de Scratch. <a href=\"https:\/\/www.hanectica.net\/kasvit\/en-espanol\/juego-con-julia-adivina-el-numero\/\">Juego con Julia: adivina el n\u00famero<\/a> (necesita Flash Player)<\/p>\r\n<p>&nbsp;<\/p>\r\n<p>&nbsp;<\/p>\r\n\r\n<p>&nbsp;<\/p>\r\n","protected":false},"excerpt":{"rendered":"<p>TEXTOS CORTOS Y OTRAS COSAS EN ESPA\u00d1OL Las zapatillas rojas (mi versi\u00f3n del cuento de H.C. Andersen) El parque de los sobrevivientes &#8211; un cuento especulativo&#8230; o quiz\u00e1 no \ud83d\ude09 (depende de ti, querido lector) Las noches de terciopelo &#8211; &hellip; <a href=\"https:\/\/www.hanectica.net\/kasvit\/en-espanol\/\">Lue loppuun <span class=\"meta-nav\">&rarr;<\/span><\/a><\/p>\n","protected":false},"author":1,"featured_media":0,"parent":0,"menu_order":6,"comment_status":"closed","ping_status":"open","template":"","meta":{"footnotes":""},"class_list":["post-265","page","type-page","status-publish","hentry"],"_links":{"self":[{"href":"https:\/\/www.hanectica.net\/kasvit\/wp-json\/wp\/v2\/pages\/265","targetHints":{"allow":["GET"]}}],"collection":[{"href":"https:\/\/www.hanectica.net\/kasvit\/wp-json\/wp\/v2\/pages"}],"about":[{"href":"https:\/\/www.hanectica.net\/kasvit\/wp-json\/wp\/v2\/types\/page"}],"author":[{"embeddable":true,"href":"https:\/\/www.hanectica.net\/kasvit\/wp-json\/wp\/v2\/users\/1"}],"replies":[{"embeddable":true,"href":"https:\/\/www.hanectica.net\/kasvit\/wp-json\/wp\/v2\/comments?post=265"}],"version-history":[{"count":20,"href":"https:\/\/www.hanectica.net\/kasvit\/wp-json\/wp\/v2\/pages\/265\/revisions"}],"predecessor-version":[{"id":884,"href":"https:\/\/www.hanectica.net\/kasvit\/wp-json\/wp\/v2\/pages\/265\/revisions\/884"}],"wp:attachment":[{"href":"https:\/\/www.hanectica.net\/kasvit\/wp-json\/wp\/v2\/media?parent=265"}],"curies":[{"name":"wp","href":"https:\/\/api.w.org\/{rel}","templated":true}]}}